{"id":3655,"date":"2024-05-25T14:36:28","date_gmt":"2024-05-25T14:36:28","guid":{"rendered":"https:\/\/lisjoyas.com\/?post_type=product&#038;p=3655"},"modified":"2025-09-05T00:13:32","modified_gmt":"2025-09-05T00:13:32","slug":"brazalete-selena-duo","status":"publish","type":"product","link":"http:\/\/lisjoyas.com\/es\/producto\/brazalete-selena-duo\/","title":{"rendered":"Brazalete Selena D\u00fao"},"content":{"rendered":"\n","protected":false},"excerpt":{"rendered":"<p><span style=\"font-weight: 400;\">Brazalete Selena D\u00fao, s<\/span>um\u00e9rgete en el encanto atemporal del brazalete en cuero natural, donde la fusi\u00f3n de tonos plateados y dorados crea una pieza \u00fanica y deslumbrante. Este accesorio imprescindible combina la elegancia del dorado con la versatilidad del plateado en un dise\u00f1o que cautiva miradas.<\/p>\n<p>Con su pr\u00e1ctico broche a presi\u00f3n, este brazalete ofrece un ajuste seguro y c\u00f3modo, garantizando comodidad durante todo el d\u00eda. Su versatilidad lo convierte en el complemento perfecto para cualquier ocasi\u00f3n, ya sea para realzar un atuendo casual o a\u00f1adir un toque de sofisticaci\u00f3n a un conjunto formal.<\/p>\n<p>Adem\u00e1s de su est\u00e9tica impecable, este brazalete es sorprendentemente ligero, proporcionando una experiencia de uso sin esfuerzo. Su calidad y durabilidad aseguran que se convierta en un accesorio eterno en tu colecci\u00f3n de joyas, acompa\u00f1\u00e1ndote en cada momento especial.<\/p>\n<p>Cada detalle de este brazalete ha sido cuidadosamente elaborado a mano en Lis Atelier, donde se fusiona la tradici\u00f3n artesanal con la modernidad. Adem\u00e1s, para preservar la calidad del cuero, te recomendamos aplicar perfume y cremas antes de pon\u00e9rtelo, garantizando as\u00ed su durabilidad y belleza a lo largo del tiempo.<\/p>\n<p>La autenticidad de cada pieza se refleja en las imperfecciones naturales del cuero, que a\u00f1aden un encanto \u00fanico y una sensaci\u00f3n de singularidad a cada brazalete. Es importante tener en cuenta que, debido a su uso constante, se puede esperar un desgaste normal en las \u00e1reas de mayor fricci\u00f3n, lo que contribuye a su car\u00e1cter distintivo.<\/p>\n<p>Tambi\u00e9n te puede interesar el\u00a0<a href=\"https:\/\/lisjoyas.com\/producto\/brazalete-selena\/\">Brazalete Selena<\/a><\/p>\n","protected":false},"featured_media":4002,"template":"","meta":{"inline_featured_image":false,"_joinchat":[]},"product_cat":[17],"product_tag":[206,186,207,202,204,203,201,205,200,169,125],"class_list":{"0":"post-3655","1":"product","2":"type-product","3":"status-publish","4":"has-post-thumbnail","6":"product_cat-brazaletes","7":"product_tag-artistic-creations","8":"product_tag-brazalete-de-cuero-natural","9":"product_tag-contemporary-elegance","10":"product_tag-creaciones-artisticas","11":"product_tag-current-style","12":"product_tag-elegancia-contemporanea-contemporary-design-jewelry","13":"product_tag-estilo-actual","14":"product_tag-fashion-trends","15":"product_tag-joyas-de-diseno-contemporaneo","16":"product_tag-pulsera","17":"product_tag-tendencias-de-moda","19":"first","20":"instock","21":"shipping-taxable","22":"purchasable","23":"product-type-variable"},"yoast_head":"<!-- This site is optimized with the Yoast SEO plugin v23.2 - https:\/\/yoast.com\/wordpress\/plugins\/seo\/ -->\n<title>Brazalete Selena D\u00fao - Lis Joyas<\/title>\n<meta name=\"description\" content=\"Brazalete Selena D\u00fao en cuero natural, un cl\u00e1sico para tener siempre entre tus accesorios. Con una combinaci\u00f3n de colores siempre vigente\" \/>\n<meta name=\"robots\" content=\"index, follow, max-snippet:-1, max-image-preview:large, max-video-preview:-1\" \/>\n<link rel=\"canonical\" href=\"http:\/\/lisjoyas.com\/es\/producto\/brazalete-selena-duo\/\" \/>\n<meta property=\"og:locale\" content=\"es_ES\" \/>\n<meta property=\"og:type\" content=\"article\" \/>\n<meta property=\"og:title\" content=\"Brazalete Selena D\u00fao - Lis Joyas\" \/>\n<meta property=\"og:description\" content=\"Brazalete Selena D\u00fao en cuero natural, un cl\u00e1sico para tener siempre entre tus accesorios. Con una combinaci\u00f3n de colores siempre vigente\" \/>\n<meta property=\"og:url\" content=\"http:\/\/lisjoyas.com\/es\/producto\/brazalete-selena-duo\/\" \/>\n<meta property=\"og:site_name\" content=\"Lis Joyas\" \/>\n<meta property=\"article:publisher\" content=\"https:\/\/www.facebook.com\/joyascontemporaneaslis?locale=es_LA\" \/>\n<meta property=\"article:modified_time\" content=\"2025-09-05T00:13:32+00:00\" \/>\n<meta property=\"og:image\" content=\"https:\/\/lisjoyas.com\/wp-content\/uploads\/2024\/05\/brazalete-selena-duo3.jpg\" \/>\n\t<meta property=\"og:image:width\" content=\"500\" \/>\n\t<meta property=\"og:image:height\" content=\"565\" \/>\n\t<meta property=\"og:image:type\" content=\"image\/jpeg\" \/>\n<meta name=\"twitter:card\" content=\"summary_large_image\" \/>\n<meta name=\"twitter:label1\" content=\"Tiempo de lectura\" \/>\n\t<meta name=\"twitter:data1\" content=\"3 minutos\" \/>\n<script type=\"application\/ld+json\" class=\"yoast-schema-graph\">{\"@context\":\"https:\/\/schema.org\",\"@graph\":[{\"@type\":\"WebPage\",\"@id\":\"https:\/\/lisjoyas.com\/producto\/brazalete-selena-duo\/\",\"url\":\"https:\/\/lisjoyas.com\/producto\/brazalete-selena-duo\/\",\"name\":\"Brazalete Selena D\u00fao - Lis Joyas\",\"isPartOf\":{\"@id\":\"https:\/\/lisjoyas.com\/#website\"},\"primaryImageOfPage\":{\"@id\":\"https:\/\/lisjoyas.com\/producto\/brazalete-selena-duo\/#primaryimage\"},\"image\":{\"@id\":\"https:\/\/lisjoyas.com\/producto\/brazalete-selena-duo\/#primaryimage\"},\"thumbnailUrl\":\"https:\/\/lisjoyas.com\/wp-content\/uploads\/2024\/05\/brazalete-selena-duo3.jpg\",\"datePublished\":\"2024-05-25T14:36:28+00:00\",\"dateModified\":\"2025-09-05T00:13:32+00:00\",\"description\":\"Brazalete Selena D\u00fao en cuero natural, un cl\u00e1sico para tener siempre entre tus accesorios. Con una combinaci\u00f3n de colores siempre vigente\",\"breadcrumb\":{\"@id\":\"https:\/\/lisjoyas.com\/producto\/brazalete-selena-duo\/#breadcrumb\"},\"inLanguage\":\"es\",\"potentialAction\":[{\"@type\":\"ReadAction\",\"target\":[\"https:\/\/lisjoyas.com\/producto\/brazalete-selena-duo\/\"]}]},{\"@type\":\"ImageObject\",\"inLanguage\":\"es\",\"@id\":\"https:\/\/lisjoyas.com\/producto\/brazalete-selena-duo\/#primaryimage\",\"url\":\"https:\/\/lisjoyas.com\/wp-content\/uploads\/2024\/05\/brazalete-selena-duo3.jpg\",\"contentUrl\":\"https:\/\/lisjoyas.com\/wp-content\/uploads\/2024\/05\/brazalete-selena-duo3.jpg\",\"width\":500,\"height\":565},{\"@type\":\"BreadcrumbList\",\"@id\":\"https:\/\/lisjoyas.com\/producto\/brazalete-selena-duo\/#breadcrumb\",\"itemListElement\":[{\"@type\":\"ListItem\",\"position\":1,\"name\":\"Portada\",\"item\":\"https:\/\/lisjoyas.com\/\"},{\"@type\":\"ListItem\",\"position\":2,\"name\":\"Tienda\",\"item\":\"https:\/\/lisjoyas.com\/tienda\/\"},{\"@type\":\"ListItem\",\"position\":3,\"name\":\"Brazalete Selena D\u00fao\"}]},{\"@type\":\"WebSite\",\"@id\":\"https:\/\/lisjoyas.com\/#website\",\"url\":\"https:\/\/lisjoyas.com\/\",\"name\":\"LIS Joyas\",\"description\":\"LIS Joyas\",\"publisher\":{\"@id\":\"https:\/\/lisjoyas.com\/#organization\"},\"potentialAction\":[{\"@type\":\"SearchAction\",\"target\":{\"@type\":\"EntryPoint\",\"urlTemplate\":\"https:\/\/lisjoyas.com\/?s={search_term_string}\"},\"query-input\":\"required name=search_term_string\"}],\"inLanguage\":\"es\"},{\"@type\":\"Organization\",\"@id\":\"https:\/\/lisjoyas.com\/#organization\",\"name\":\"Lis Joyas\",\"url\":\"https:\/\/lisjoyas.com\/\",\"logo\":{\"@type\":\"ImageObject\",\"inLanguage\":\"es\",\"@id\":\"https:\/\/lisjoyas.com\/#\/schema\/logo\/image\/\",\"url\":\"https:\/\/lisjoyas.com\/wp-content\/uploads\/2024\/04\/Lis_logo_color.svg\",\"contentUrl\":\"https:\/\/lisjoyas.com\/wp-content\/uploads\/2024\/04\/Lis_logo_color.svg\",\"width\":\"1024\",\"height\":\"1024\",\"caption\":\"Lis Joyas\"},\"image\":{\"@id\":\"https:\/\/lisjoyas.com\/#\/schema\/logo\/image\/\"},\"sameAs\":[\"https:\/\/www.facebook.com\/joyascontemporaneaslis?locale=es_LA\",\"https:\/\/www.instagram.com\/lisjoyas_\/\"]}]}<\/script>\n<!-- \/ Yoast SEO plugin. -->","yoast_head_json":{"title":"Brazalete Selena D\u00fao - Lis Joyas","description":"Brazalete Selena D\u00fao en cuero natural, un cl\u00e1sico para tener siempre entre tus accesorios. Con una combinaci\u00f3n de colores siempre vigente","robots":{"index":"index","follow":"follow","max-snippet":"max-snippet:-1","max-image-preview":"max-image-preview:large","max-video-preview":"max-video-preview:-1"},"canonical":"http:\/\/lisjoyas.com\/es\/producto\/brazalete-selena-duo\/","og_locale":"es_ES","og_type":"article","og_title":"Brazalete Selena D\u00fao - Lis Joyas","og_description":"Brazalete Selena D\u00fao en cuero natural, un cl\u00e1sico para tener siempre entre tus accesorios. Con una combinaci\u00f3n de colores siempre vigente","og_url":"http:\/\/lisjoyas.com\/es\/producto\/brazalete-selena-duo\/","og_site_name":"Lis Joyas","article_publisher":"https:\/\/www.facebook.com\/joyascontemporaneaslis?locale=es_LA","article_modified_time":"2025-09-05T00:13:32+00:00","og_image":[{"width":500,"height":565,"url":"https:\/\/lisjoyas.com\/wp-content\/uploads\/2024\/05\/brazalete-selena-duo3.jpg","type":"image\/jpeg"}],"twitter_card":"summary_large_image","twitter_misc":{"Tiempo de lectura":"3 minutos"},"schema":{"@context":"https:\/\/schema.org","@graph":[{"@type":"WebPage","@id":"https:\/\/lisjoyas.com\/producto\/brazalete-selena-duo\/","url":"https:\/\/lisjoyas.com\/producto\/brazalete-selena-duo\/","name":"Brazalete Selena D\u00fao - Lis Joyas","isPartOf":{"@id":"https:\/\/lisjoyas.com\/#website"},"primaryImageOfPage":{"@id":"https:\/\/lisjoyas.com\/producto\/brazalete-selena-duo\/#primaryimage"},"image":{"@id":"https:\/\/lisjoyas.com\/producto\/brazalete-selena-duo\/#primaryimage"},"thumbnailUrl":"https:\/\/lisjoyas.com\/wp-content\/uploads\/2024\/05\/brazalete-selena-duo3.jpg","datePublished":"2024-05-25T14:36:28+00:00","dateModified":"2025-09-05T00:13:32+00:00","description":"Brazalete Selena D\u00fao en cuero natural, un cl\u00e1sico para tener siempre entre tus accesorios. Con una combinaci\u00f3n de colores siempre vigente","breadcrumb":{"@id":"https:\/\/lisjoyas.com\/producto\/brazalete-selena-duo\/#breadcrumb"},"inLanguage":"es","potentialAction":[{"@type":"ReadAction","target":["https:\/\/lisjoyas.com\/producto\/brazalete-selena-duo\/"]}]},{"@type":"ImageObject","inLanguage":"es","@id":"https:\/\/lisjoyas.com\/producto\/brazalete-selena-duo\/#primaryimage","url":"https:\/\/lisjoyas.com\/wp-content\/uploads\/2024\/05\/brazalete-selena-duo3.jpg","contentUrl":"https:\/\/lisjoyas.com\/wp-content\/uploads\/2024\/05\/brazalete-selena-duo3.jpg","width":500,"height":565},{"@type":"BreadcrumbList","@id":"https:\/\/lisjoyas.com\/producto\/brazalete-selena-duo\/#breadcrumb","itemListElement":[{"@type":"ListItem","position":1,"name":"Portada","item":"https:\/\/lisjoyas.com\/"},{"@type":"ListItem","position":2,"name":"Tienda","item":"https:\/\/lisjoyas.com\/tienda\/"},{"@type":"ListItem","position":3,"name":"Brazalete Selena D\u00fao"}]},{"@type":"WebSite","@id":"https:\/\/lisjoyas.com\/#website","url":"https:\/\/lisjoyas.com\/","name":"LIS Joyas","description":"LIS Joyas","publisher":{"@id":"https:\/\/lisjoyas.com\/#organization"},"potentialAction":[{"@type":"SearchAction","target":{"@type":"EntryPoint","urlTemplate":"https:\/\/lisjoyas.com\/?s={search_term_string}"},"query-input":"required name=search_term_string"}],"inLanguage":"es"},{"@type":"Organization","@id":"https:\/\/lisjoyas.com\/#organization","name":"Lis Joyas","url":"https:\/\/lisjoyas.com\/","logo":{"@type":"ImageObject","inLanguage":"es","@id":"https:\/\/lisjoyas.com\/#\/schema\/logo\/image\/","url":"https:\/\/lisjoyas.com\/wp-content\/uploads\/2024\/04\/Lis_logo_color.svg","contentUrl":"https:\/\/lisjoyas.com\/wp-content\/uploads\/2024\/04\/Lis_logo_color.svg","width":"1024","height":"1024","caption":"Lis Joyas"},"image":{"@id":"https:\/\/lisjoyas.com\/#\/schema\/logo\/image\/"},"sameAs":["https:\/\/www.facebook.com\/joyascontemporaneaslis?locale=es_LA","https:\/\/www.instagram.com\/lisjoyas_\/"]}]}},"_links":{"self":[{"href":"http:\/\/lisjoyas.com\/es\/wp-json\/wp\/v2\/product\/3655","targetHints":{"allow":["GET"]}}],"collection":[{"href":"http:\/\/lisjoyas.com\/es\/wp-json\/wp\/v2\/product"}],"about":[{"href":"http:\/\/lisjoyas.com\/es\/wp-json\/wp\/v2\/types\/product"}],"wp:featuredmedia":[{"embeddable":true,"href":"http:\/\/lisjoyas.com\/es\/wp-json\/wp\/v2\/media\/4002"}],"wp:attachment":[{"href":"http:\/\/lisjoyas.com\/es\/wp-json\/wp\/v2\/media?parent=3655"}],"wp:term":[{"taxonomy":"product_cat","embeddable":true,"href":"http:\/\/lisjoyas.com\/es\/wp-json\/wp\/v2\/product_cat?post=3655"},{"taxonomy":"product_tag","embeddable":true,"href":"http:\/\/lisjoyas.com\/es\/wp-json\/wp\/v2\/product_tag?post=3655"}],"curies":[{"name":"wp","href":"https:\/\/api.w.org\/{rel}","templated":true}]}}

Brazalete Selena Dúo

<p><span style="font-weight: 400;">Brazalete Selena Dúo, s</span>umérgete en el encanto atemporal del brazalete en cuero natural, donde la fusión de tonos plateados y dorados crea una pieza única y deslumbrante. Este accesorio imprescindible combina la elegancia del dorado con la versatilidad del plateado en un diseño que cautiva miradas.</p>
<p>Con su práctico broche a presión, este brazalete ofrece un ajuste seguro y cómodo, garantizando comodidad durante todo el día. Su versatilidad lo convierte en el complemento perfecto para cualquier ocasión, ya sea para realzar un atuendo casual o añadir un toque de sofisticación a un conjunto formal.</p>
<p>Además de su estética impecable, este brazalete es sorprendentemente ligero, proporcionando una experiencia de uso sin esfuerzo. Su calidad y durabilidad aseguran que se convierta en un accesorio eterno en tu colección de joyas, acompañándote en cada momento especial.</p>
<p>Cada detalle de este brazalete ha sido cuidadosamente elaborado a mano en Lis Atelier, donde se fusiona la tradición artesanal con la modernidad. Además, para preservar la calidad del cuero, te recomendamos aplicar perfume y cremas antes de ponértelo, garantizando así su durabilidad y belleza a lo largo del tiempo.</p>
<p>La autenticidad de cada pieza se refleja en las imperfecciones naturales del cuero, que añaden un encanto único y una sensación de singularidad a cada brazalete. Es importante tener en cuenta que, debido a su uso constante, se puede esperar un desgaste normal en las áreas de mayor fricción, lo que contribuye a su carácter distintivo.</p>
<p>También te puede interesar el <a href="https://lisjoyas.com/producto/brazalete-selena/">Brazalete Selena</a></p>

<!-- This site is optimized with the Yoast SEO plugin v23.2 - https://yoast.com/wordpress/plugins/seo/ -->
<title>Brazalete Selena Dúo - Lis Joyas</title>
<meta name="description" content="Brazalete Selena Dúo en cuero natural, un clásico para tener siempre entre tus accesorios. Con una combinación de colores siempre vigente" />
<meta name="robots" content="index, follow, max-snippet:-1, max-image-preview:large, max-video-preview:-1" />
<link rel="canonical" href="http://lisjoyas.com/es/producto/brazalete-selena-duo/" />
<meta property="og:locale" content="es_ES" />
<meta property="og:type" content="article" />
<meta property="og:title" content="Brazalete Selena Dúo - Lis Joyas" />
<meta property="og:description" content="Brazalete Selena Dúo en cuero natural, un clásico para tener siempre entre tus accesorios. Con una combinación de colores siempre vigente" />
<meta property="og:url" content="http://lisjoyas.com/es/producto/brazalete-selena-duo/" />
<meta property="og:site_name" content="Lis Joyas" />
<meta property="article:publisher" content="https://www.facebook.com/joyascontemporaneaslis?locale=es_LA" />
<meta property="article:modified_time" content="2025-09-05T00:13:32+00:00" />
<meta property="og:image" content="https://lisjoyas.com/wp-content/uploads/2024/05/brazalete-selena-duo3.jpg" />
	<meta property="og:image:width" content="500" />
	<meta property="og:image:height" content="565" />
	<meta property="og:image:type" content="image/jpeg" />
<meta name="twitter:card" content="summary_large_image" />
<meta name="twitter:label1" content="Tiempo de lectura" />
	<meta name="twitter:data1" content="3 minutos" />
<script type="application/ld+json" class="yoast-schema-graph">{"@context":"https://schema.org","@graph":[{"@type":"WebPage","@id":"https://lisjoyas.com/producto/brazalete-selena-duo/","url":"https://lisjoyas.com/producto/brazalete-selena-duo/","name":"Brazalete Selena Dúo - Lis Joyas","isPartOf":{"@id":"https://lisjoyas.com/#website"},"primaryImageOfPage":{"@id":"https://lisjoyas.com/producto/brazalete-selena-duo/#primaryimage"},"image":{"@id":"https://lisjoyas.com/producto/brazalete-selena-duo/#primaryimage"},"thumbnailUrl":"https://lisjoyas.com/wp-content/uploads/2024/05/brazalete-selena-duo3.jpg","datePublished":"2024-05-25T14:36:28+00:00","dateModified":"2025-09-05T00:13:32+00:00","description":"Brazalete Selena Dúo en cuero natural, un clásico para tener siempre entre tus accesorios. Con una combinación de colores siempre vigente","breadcrumb":{"@id":"https://lisjoyas.com/producto/brazalete-selena-duo/#breadcrumb"},"inLanguage":"es","potentialAction":[{"@type":"ReadAction","target":["https://lisjoyas.com/producto/brazalete-selena-duo/"]}]},{"@type":"ImageObject","inLanguage":"es","@id":"https://lisjoyas.com/producto/brazalete-selena-duo/#primaryimage","url":"https://lisjoyas.com/wp-content/uploads/2024/05/brazalete-selena-duo3.jpg","contentUrl":"https://lisjoyas.com/wp-content/uploads/2024/05/brazalete-selena-duo3.jpg","width":500,"height":565},{"@type":"BreadcrumbList","@id":"https://lisjoyas.com/producto/brazalete-selena-duo/#breadcrumb","itemListElement":[{"@type":"ListItem","position":1,"name":"Portada","item":"https://lisjoyas.com/"},{"@type":"ListItem","position":2,"name":"Tienda","item":"https://lisjoyas.com/tienda/"},{"@type":"ListItem","position":3,"name":"Brazalete Selena Dúo"}]},{"@type":"WebSite","@id":"https://lisjoyas.com/#website","url":"https://lisjoyas.com/","name":"LIS Joyas","description":"LIS Joyas","publisher":{"@id":"https://lisjoyas.com/#organization"},"potentialAction":[{"@type":"SearchAction","target":{"@type":"EntryPoint","urlTemplate":"https://lisjoyas.com/?s={search_term_string}"},"query-input":"required name=search_term_string"}],"inLanguage":"es"},{"@type":"Organization","@id":"https://lisjoyas.com/#organization","name":"Lis Joyas","url":"https://lisjoyas.com/","logo":{"@type":"ImageObject","inLanguage":"es","@id":"https://lisjoyas.com/#/schema/logo/image/","url":"https://lisjoyas.com/wp-content/uploads/2024/04/Lis_logo_color.svg","contentUrl":"https://lisjoyas.com/wp-content/uploads/2024/04/Lis_logo_color.svg","width":"1024","height":"1024","caption":"Lis Joyas"},"image":{"@id":"https://lisjoyas.com/#/schema/logo/image/"},"sameAs":["https://www.facebook.com/joyascontemporaneaslis?locale=es_LA","https://www.instagram.com/lisjoyas_/"]}]}</script>
<!-- / Yoast SEO plugin. -->

Brazalete Selena Dúo - Lis Joyas

Brazalete Selena Dúo en cuero natural, un clásico para tener siempre entre tus accesorios. Con una combinación de colores siempre vigente
